{"id":8,"date":"2011-10-25T21:29:11","date_gmt":"2011-10-25T21:29:11","guid":{"rendered":"http:\/\/blog.laminat-fachmarkt.com\/?page_id=8"},"modified":"2022-02-15T11:17:16","modified_gmt":"2022-02-15T10:17:16","slug":"impressum","status":"publish","type":"page","link":"https:\/\/www.laminat-fachmarkt.com\/blog\/impressum\/","title":{"rendered":"Impressum"},"content":{"rendered":"<div>\n<p><strong>Laminat-Fachmarkt &#8211; Lars Bachmann<\/strong><br \/>\n<strong> Kre\u00dfnerstra\u00dfe 8<\/strong><br \/>\n<strong> 09217 Burgst\u00e4dt<\/strong><br \/>\n<strong> Deutschland<\/strong><\/p>\n<p><strong> Telefon: 03724 669 22 33<\/strong><\/p>\n<p><strong> Email: shop(at)laminat-fachmarkt.com<\/strong><\/p>\n<p><strong>Umsatzsteuer-ID:<\/strong><br \/>\nUmsatzsteuer-Identifikationsnummer gem\u00e4\u00df \u00a727 a Umsatzsteuergesetz: DE 262002813<\/p>\n<p><strong>Verantwortlich f\u00fcr den Inhalt nach \u00a7 55 Abs. 2 RStV:<\/strong><br \/>\nLars Bachmann<br \/>\nKre\u00dfnerstra\u00dfe 8<br \/>\n09217 Burgst\u00e4dt<\/p>\n<p>Aufgef\u00fchrte Warenzeichen und Markennamen sind Eigentum ihrer jeweiligen Inhaber.<\/p>\n<\/div>\n","protected":false},"excerpt":{"rendered":"<p>Laminat-Fachmarkt &#8211; Lars Bachmann Kre\u00dfnerstra\u00dfe 8 09217 Burgst\u00e4dt Deutschland Telefon: 03724 669 22 33 Email: shop(at)laminat-fachmarkt.com Umsatzsteuer-ID: Umsatzsteuer-Identifikationsnummer gem\u00e4\u00df \u00a727 a Umsatzsteuergesetz: DE 262002813 Verantwortlich f\u00fcr den Inhalt nach \u00a7 55 Abs. 2 RStV: Lars Bachmann Kre\u00dfnerstra\u00dfe 8 09217 Burgst\u00e4dt &hellip; <a href=\"https:\/\/www.laminat-fachmarkt.com\/blog\/impressum\/\">Weiterlesen <span class=\"meta-nav\">&rarr;<\/span><\/a><\/p>\n","protected":false},"author":1,"featured_media":0,"parent":0,"menu_order":1,"comment_status":"closed","ping_status":"open","template":"","meta":{"footnotes":""},"class_list":["post-8","page","type-page","status-publish","hentry"],"yoast_head":"<!-- This site is optimized with the Yoast SEO plugin v25.7 - https:\/\/yoast.com\/wordpress\/plugins\/seo\/ -->\n<title>Impressum &#8211; Der Blog rund um Boden und Renovierung<\/title>\n<meta name=\"description\" content=\"Impressum f\u00fcr den Blog von Laminat-Fachmarkt\" \/>\n<meta name=\"robots\" content=\"index, follow, max-snippet:-1, max-image-preview:large, max-video-preview:-1\" \/>\n<link rel=\"canonical\" href=\"https:\/\/www.laminat-fachmarkt.com\/blog\/impressum\/\" \/>\n<meta name=\"twitter:label1\" content=\"Gesch\u00e4tzte Lesezeit\" \/>\n\t<meta name=\"twitter:data1\" content=\"1\u00a0Minute\" \/>\n<script type=\"application\/ld+json\" class=\"yoast-schema-graph\">{\"@context\":\"https:\/\/schema.org\",\"@graph\":[{\"@type\":\"WebPage\",\"@id\":\"https:\/\/www.laminat-fachmarkt.com\/blog\/impressum\/\",\"url\":\"https:\/\/www.laminat-fachmarkt.com\/blog\/impressum\/\",\"name\":\"Impressum &#8211; Der Blog rund um Boden und Renovierung\",\"isPartOf\":{\"@id\":\"https:\/\/www.laminat-fachmarkt.com\/blog\/#website\"},\"datePublished\":\"2011-10-25T21:29:11+00:00\",\"dateModified\":\"2022-02-15T10:17:16+00:00\",\"description\":\"Impressum f\u00fcr den Blog von Laminat-Fachmarkt\",\"breadcrumb\":{\"@id\":\"https:\/\/www.laminat-fachmarkt.com\/blog\/impressum\/#breadcrumb\"},\"inLanguage\":\"de\",\"potentialAction\":[{\"@type\":\"ReadAction\",\"target\":[\"https:\/\/www.laminat-fachmarkt.com\/blog\/impressum\/\"]}]},{\"@type\":\"BreadcrumbList\",\"@id\":\"https:\/\/www.laminat-fachmarkt.com\/blog\/impressum\/#breadcrumb\",\"itemListElement\":[{\"@type\":\"ListItem\",\"position\":1,\"name\":\"Startseite\",\"item\":\"https:\/\/www.laminat-fachmarkt.com\/blog\/\"},{\"@type\":\"ListItem\",\"position\":2,\"name\":\"Impressum\"}]},{\"@type\":\"WebSite\",\"@id\":\"https:\/\/www.laminat-fachmarkt.com\/blog\/#website\",\"url\":\"https:\/\/www.laminat-fachmarkt.com\/blog\/\",\"name\":\"Der Blog rund um Boden und Renovierung\",\"description\":\"von Laminat-Fachmarkt.com\",\"publisher\":{\"@id\":\"https:\/\/www.laminat-fachmarkt.com\/blog\/#organization\"},\"potentialAction\":[{\"@type\":\"SearchAction\",\"target\":{\"@type\":\"EntryPoint\",\"urlTemplate\":\"https:\/\/www.laminat-fachmarkt.com\/blog\/?s={search_term_string}\"},\"query-input\":{\"@type\":\"PropertyValueSpecification\",\"valueRequired\":true,\"valueName\":\"search_term_string\"}}],\"inLanguage\":\"de\"},{\"@type\":\"Organization\",\"@id\":\"https:\/\/www.laminat-fachmarkt.com\/blog\/#organization\",\"name\":\"Laminat-Fachmarkt\",\"url\":\"https:\/\/www.laminat-fachmarkt.com\/blog\/\",\"logo\":{\"@type\":\"ImageObject\",\"inLanguage\":\"de\",\"@id\":\"https:\/\/www.laminat-fachmarkt.com\/blog\/#\/schema\/logo\/image\/\",\"url\":\"https:\/\/www.laminat-fachmarkt.com\/blog\/wp-content\/uploads\/2013\/09\/cropped-Logo_Laminat-Fachmarkt1.jpg\",\"contentUrl\":\"https:\/\/www.laminat-fachmarkt.com\/blog\/wp-content\/uploads\/2013\/09\/cropped-Logo_Laminat-Fachmarkt1.jpg\",\"width\":940,\"height\":192,\"caption\":\"Laminat-Fachmarkt\"},\"image\":{\"@id\":\"https:\/\/www.laminat-fachmarkt.com\/blog\/#\/schema\/logo\/image\/\"},\"sameAs\":[\"https:\/\/www.facebook.com\/Laminat-Fachmarkt-272116766287950\"]}]}<\/script>\n<!-- \/ Yoast SEO plugin. -->","yoast_head_json":{"title":"Impressum &#8211; Der Blog rund um Boden und Renovierung","description":"Impressum f\u00fcr den Blog von Laminat-Fachmarkt","robots":{"index":"index","follow":"follow","max-snippet":"max-snippet:-1","max-image-preview":"max-image-preview:large","max-video-preview":"max-video-preview:-1"},"canonical":"https:\/\/www.laminat-fachmarkt.com\/blog\/impressum\/","twitter_misc":{"Gesch\u00e4tzte Lesezeit":"1\u00a0Minute"},"schema":{"@context":"https:\/\/schema.org","@graph":[{"@type":"WebPage","@id":"https:\/\/www.laminat-fachmarkt.com\/blog\/impressum\/","url":"https:\/\/www.laminat-fachmarkt.com\/blog\/impressum\/","name":"Impressum &#8211; Der Blog rund um Boden und Renovierung","isPartOf":{"@id":"https:\/\/www.laminat-fachmarkt.com\/blog\/#website"},"datePublished":"2011-10-25T21:29:11+00:00","dateModified":"2022-02-15T10:17:16+00:00","description":"Impressum f\u00fcr den Blog von Laminat-Fachmarkt","breadcrumb":{"@id":"https:\/\/www.laminat-fachmarkt.com\/blog\/impressum\/#breadcrumb"},"inLanguage":"de","potentialAction":[{"@type":"ReadAction","target":["https:\/\/www.laminat-fachmarkt.com\/blog\/impressum\/"]}]},{"@type":"BreadcrumbList","@id":"https:\/\/www.laminat-fachmarkt.com\/blog\/impressum\/#breadcrumb","itemListElement":[{"@type":"ListItem","position":1,"name":"Startseite","item":"https:\/\/www.laminat-fachmarkt.com\/blog\/"},{"@type":"ListItem","position":2,"name":"Impressum"}]},{"@type":"WebSite","@id":"https:\/\/www.laminat-fachmarkt.com\/blog\/#website","url":"https:\/\/www.laminat-fachmarkt.com\/blog\/","name":"Der Blog rund um Boden und Renovierung","description":"von Laminat-Fachmarkt.com","publisher":{"@id":"https:\/\/www.laminat-fachmarkt.com\/blog\/#organization"},"potentialAction":[{"@type":"SearchAction","target":{"@type":"EntryPoint","urlTemplate":"https:\/\/www.laminat-fachmarkt.com\/blog\/?s={search_term_string}"},"query-input":{"@type":"PropertyValueSpecification","valueRequired":true,"valueName":"search_term_string"}}],"inLanguage":"de"},{"@type":"Organization","@id":"https:\/\/www.laminat-fachmarkt.com\/blog\/#organization","name":"Laminat-Fachmarkt","url":"https:\/\/www.laminat-fachmarkt.com\/blog\/","logo":{"@type":"ImageObject","inLanguage":"de","@id":"https:\/\/www.laminat-fachmarkt.com\/blog\/#\/schema\/logo\/image\/","url":"https:\/\/www.laminat-fachmarkt.com\/blog\/wp-content\/uploads\/2013\/09\/cropped-Logo_Laminat-Fachmarkt1.jpg","contentUrl":"https:\/\/www.laminat-fachmarkt.com\/blog\/wp-content\/uploads\/2013\/09\/cropped-Logo_Laminat-Fachmarkt1.jpg","width":940,"height":192,"caption":"Laminat-Fachmarkt"},"image":{"@id":"https:\/\/www.laminat-fachmarkt.com\/blog\/#\/schema\/logo\/image\/"},"sameAs":["https:\/\/www.facebook.com\/Laminat-Fachmarkt-272116766287950"]}]}},"_links":{"self":[{"href":"https:\/\/www.laminat-fachmarkt.com\/blog\/wp-json\/wp\/v2\/pages\/8","targetHints":{"allow":["GET"]}}],"collection":[{"href":"https:\/\/www.laminat-fachmarkt.com\/blog\/wp-json\/wp\/v2\/pages"}],"about":[{"href":"https:\/\/www.laminat-fachmarkt.com\/blog\/wp-json\/wp\/v2\/types\/page"}],"author":[{"embeddable":true,"href":"https:\/\/www.laminat-fachmarkt.com\/blog\/wp-json\/wp\/v2\/users\/1"}],"replies":[{"embeddable":true,"href":"https:\/\/www.laminat-fachmarkt.com\/blog\/wp-json\/wp\/v2\/comments?post=8"}],"version-history":[{"count":17,"href":"https:\/\/www.laminat-fachmarkt.com\/blog\/wp-json\/wp\/v2\/pages\/8\/revisions"}],"predecessor-version":[{"id":307,"href":"https:\/\/www.laminat-fachmarkt.com\/blog\/wp-json\/wp\/v2\/pages\/8\/revisions\/307"}],"wp:attachment":[{"href":"https:\/\/www.laminat-fachmarkt.com\/blog\/wp-json\/wp\/v2\/media?parent=8"}],"curies":[{"name":"wp","href":"https:\/\/api.w.org\/{rel}","templated":true}]}}

<div>
<p><strong>Laminat-Fachmarkt &#8211; Lars Bachmann</strong><br />
<strong> Kreßnerstraße 8</strong><br />
<strong> 09217 Burgstädt</strong><br />
<strong> Deutschland</strong></p>
<p><strong> Telefon: 03724 669 22 33</strong></p>
<p><strong> Email: shop(at)laminat-fachmarkt.com</strong></p>
<p><strong>Umsatzsteuer-ID:</strong><br />
Umsatzsteuer-Identifikationsnummer gemäß §27 a Umsatzsteuergesetz: DE 262002813</p>
<p><strong>Verantwortlich für den Inhalt nach § 55 Abs. 2 RStV:</strong><br />
Lars Bachmann<br />
Kreßnerstraße 8<br />
09217 Burgstädt</p>
<p>Aufgeführte Warenzeichen und Markennamen sind Eigentum ihrer jeweiligen Inhaber.</p>
</div>

<p>Laminat-Fachmarkt &#8211; Lars Bachmann Kreßnerstraße 8 09217 Burgstädt Deutschland Telefon: 03724 669 22 33 Email: shop(at)laminat-fachmarkt.com Umsatzsteuer-ID: Umsatzsteuer-Identifikationsnummer gemäß §27 a Umsatzsteuergesetz: DE 262002813 Verantwortlich für den Inhalt nach § 55 Abs. 2 RStV: Lars Bachmann Kreßnerstraße 8 09217 Burgstädt &hellip; <a href="https://www.laminat-fachmarkt.com/blog/impressum/">Weiterlesen <span class="meta-nav">&rarr;</span></a></p>

<!-- This site is optimized with the Yoast SEO plugin v25.7 - https://yoast.com/wordpress/plugins/seo/ -->
<title>Impressum &#8211; Der Blog rund um Boden und Renovierung</title>
<meta name="description" content="Impressum für den Blog von Laminat-Fachmarkt" />
<meta name="robots" content="index, follow, max-snippet:-1, max-image-preview:large, max-video-preview:-1" />
<link rel="canonical" href="https://www.laminat-fachmarkt.com/blog/impressum/" />
<meta name="twitter:label1" content="Geschätzte Lesezeit" />
	<meta name="twitter:data1" content="1 Minute" />
<script type="application/ld+json" class="yoast-schema-graph">{"@context":"https://schema.org","@graph":[{"@type":"WebPage","@id":"https://www.laminat-fachmarkt.com/blog/impressum/","url":"https://www.laminat-fachmarkt.com/blog/impressum/","name":"Impressum &#8211; Der Blog rund um Boden und Renovierung","isPartOf":{"@id":"https://www.laminat-fachmarkt.com/blog/#website"},"datePublished":"2011-10-25T21:29:11+00:00","dateModified":"2022-02-15T10:17:16+00:00","description":"Impressum für den Blog von Laminat-Fachmarkt","breadcrumb":{"@id":"https://www.laminat-fachmarkt.com/blog/impressum/#breadcrumb"},"inLanguage":"de","potentialAction":[{"@type":"ReadAction","target":["https://www.laminat-fachmarkt.com/blog/impressum/"]}]},{"@type":"BreadcrumbList","@id":"https://www.laminat-fachmarkt.com/blog/impressum/#breadcrumb","itemListElement":[{"@type":"ListItem","position":1,"name":"Startseite","item":"https://www.laminat-fachmarkt.com/blog/"},{"@type":"ListItem","position":2,"name":"Impressum"}]},{"@type":"WebSite","@id":"https://www.laminat-fachmarkt.com/blog/#website","url":"https://www.laminat-fachmarkt.com/blog/","name":"Der Blog rund um Boden und Renovierung","description":"von Laminat-Fachmarkt.com","publisher":{"@id":"https://www.laminat-fachmarkt.com/blog/#organization"},"potentialAction":[{"@type":"SearchAction","target":{"@type":"EntryPoint","urlTemplate":"https://www.laminat-fachmarkt.com/blog/?s={search_term_string}"},"query-input":{"@type":"PropertyValueSpecification","valueRequired":true,"valueName":"search_term_string"}}],"inLanguage":"de"},{"@type":"Organization","@id":"https://www.laminat-fachmarkt.com/blog/#organization","name":"Laminat-Fachmarkt","url":"https://www.laminat-fachmarkt.com/blog/","logo":{"@type":"ImageObject","inLanguage":"de","@id":"https://www.laminat-fachmarkt.com/blog/#/schema/logo/image/","url":"https://www.laminat-fachmarkt.com/blog/wp-content/uploads/2013/09/cropped-Logo_Laminat-Fachmarkt1.jpg","contentUrl":"https://www.laminat-fachmarkt.com/blog/wp-content/uploads/2013/09/cropped-Logo_Laminat-Fachmarkt1.jpg","width":940,"height":192,"caption":"Laminat-Fachmarkt"},"image":{"@id":"https://www.laminat-fachmarkt.com/blog/#/schema/logo/image/"},"sameAs":["https://www.facebook.com/Laminat-Fachmarkt-272116766287950"]}]}</script>
<!-- / Yoast SEO plugin. -->

Impressum für den Blog von Laminat-Fachmarkt
